sor of a and 22?
22
Let d be ((-2)/(-1))/(9/(1782/12)). Calculate the highest common divisor of d and 88.
11
Let i(a) = a**3 - 8*a**2 + 4*a - 12. Let p be i(9). What is the greatest common divisor of p and 21?
21
Let y(k) = k**3 + 8*k**2 + 11*k + 53. Let r be y(-7). What is the greatest common divisor of 20 and r?
5
Let y(r) = r**2 - 4*r + 3. Let j be y(2). Let m be (-29)/j + -3 + 2. What is the greatest common divisor of m and 4?
4
Let g(p) be the third derivative of p**6/120 - p**5/15 - 5*p**4/12 + 4*p**3/3 + 3*p**2. Let v be g(6). What is the greatest common divisor of v and 5?
5
Let s be (2 - (-3 - 6)) + 0 + 1. Calculate the highest common factor of 12 and s.
12
Suppose z + 2*z - 6 = 0. Suppose z*h = 6*h - 44. What is the greatest common factor of h and 22?
11
Suppose 3*p + 3*d + 3 = 0, 0*p + 23 = 4*p - 5*d. Calculate the greatest common divisor of 5 and p.
1
Let a(d) = -2*d + 12 - 4 + d**2 + d - d**3 - 9*d**2. Let p be a(-8). What is the highest common divisor of p and 112?
16
Let x be 60*(-2 + (-7)/(-2)). Suppose -2*j - 3*j = -x. Let k be j - (-2 - (2 + -5)). Calculate the highest common divisor of k and 136.
17
Suppose s + 40 = 3*s. Calculate the greatest common divisor of s and 10.
10
Let u(d) = d**2 + 6*d - 2. Let r be u(-7). Suppose -4*w + 175 = -5*m, -2*w - 5*m + 40 + 55 = 0. Calculate the greatest common factor of w and r.
5
Suppose -4*v = y + 2, 5*y + 3*v - 1 = 3*y. Let m be y/(-10) - 122/(-10). Calculate the highest common factor of m and 12.
12
Suppose -5*t + 5*u + 26 = -t, 3*t + 3*u - 6 = 0. Suppose 2*y + 1 - 3 = 0. Let m be (-3)/(y + 2) + 5. Calculate the greatest common divisor of t and m.
4
Let x(r) = r**3 - 5*r**2. Let p be x(5). Suppose -y - f + 28 = p, 26 + 6 = y - f. Calculate the greatest common divisor of y and 10.
10
Let a(j) = 1 - 8 + 2 + j. Let m be a(9). What is the highest common factor of m and 28?
4
Suppose 155 = 5*y - 5*t, -4*t - 32 = -2*y + 38. Calculate the highest common divisor of 297 and y.
27
Suppose h = -h. Let g be (1 + h/1)*0. Suppose g = j - 2*r - 7, 0*j + 3*j - 27 = 3*r. What is the highest common divisor of j and 77?
11
Suppose 2*f - 134 = -2*i, -4*f - 333 = -9*f - 3*i. What is the greatest common divisor of 6 and f?
6
Let g = -9 + 7. Let a be -1 + 51*(-1 - g). Let i = -2 + a. Calculate the highest common factor of 16 and i.
16
Let z = 169 - 136. Calculate the greatest common factor of 231 and z.
33
Suppose -253 = -4*h - x, -4*h + 5*x + 100 = -171. What is the highest common divisor of 8 and h?
8
Let b(p) = 3*p**2 + 5*p - 1. Let v be b(5). Suppose 61 = 4*o + 2*u + 19, 2*u + 2 = 0. Calculate the greatest common divisor of o and v.
11
Suppose 0*c = -5*c + 30. Let j be c + 2/2 - -3. What is the highest common divisor of j and 90?
10
Let n be 8/20 - (-146)/10. Let p be (-6)/(-15) + (-23)/(-5). What is the highest common divisor of n and p?
5
Let m = 380 + -714. Let d = m + 494. Calculate the greatest common divisor of d and 20.
20
Let a(g) be the second derivative of g**4/12 + g**3/3 - 5*g**2/2 - g. Let x be a(4). Suppose 3*i - 8 = x. Calculate the greatest common divisor of i and 45.
9
Let c be ((-5)/(-2))/((-18)/(-36)). Calculate the highest common divisor of c and 5.
5
Suppose -429 = -10*t - 119. What is the greatest common factor of t and 279?
31
Suppose -5*l + u + 57 = 0, 4*l = -u + 19 + 23. What is the greatest common divisor of 77 and l?
11
Suppose 0 = -4*z + 3*b + 213, -2*z + 50 = -z - 4*b. Calculate the greatest common factor of 81 and z.
27
Let n(h) = -h**2 - 7*h - 6. Let x be n(-6). Suppose x = w - 4. Suppose -w*i = -30 - 30. What is the highest common factor of 5 and i?
5
Let y(b) = -183*b + 9. Let x be y(-1). Calculate the highest common factor of x and 24.
24
Let p = 77 - 64. What is the highest common factor of p and 143?
13
Let n(y) = 1 + y + 3 - 2. Suppose -o - 2*d + 5 = -4, -5*o + 3 = -4*d. Let t be n(o). Calculate the highest common factor of t and 15.
5
Suppose 126 = -4*a + 874. Calculate the highest common divisor of 17 and a.
17
Let i be 22 - ((-60)/15 - 2*-2). What is the highest common divisor of i and 6?
2
Let z = -22 + 39. Let g = z + -11. Let p = -10 - -16. What is the greatest common divisor of p and g?
6
Suppose 5*v = -n - 65 + 1328, 5*n - 243 = -v. Suppose 5*i - 4*m - 193 = 2*i, 4*i = m + v. What is the highest common factor of 9 and i?
9
Let k(s) = 86*s**2 + 2*s + 1. Let y be k(-1). Let h(m) = m**3 - 4*m**2 - 38. Let o be h(6). What is the highest common factor of o and y?
17
Let a = 2 - -17. Calculate the greatest common factor of 95 and a.
19
Let b be (-2)/10 + 5/25. Suppose -m - 3*m + 96 = b. What is the highest common factor of m and 192?
24
Let q be 4/18 - (-1664)/(-36). Let i = q - -78. Let a = -14 + i. Calculate the highest common divisor of 6 and a.
6
Suppose 0 = x + 6*m - 4*m - 7, -4*x + 52 = 2*m. Calculate the highest common divisor of x and 6.
3
Let i(g) = 3*g - 75. Let c be i(26). Let r(n) = -7*n + 3. Let f be r(-3). What is the highest common divisor of c and f?
3
Suppose 2*y + c - 35 = 0, 0 = -2*c - 1 + 3. Let d = y + 1. What is the greatest common divisor of d and 12?
6
Suppose -3*j - 4*s = -2*j - 498, j + 2*s - 492 = 0. What is the highest common factor of 54 and j?
54
Suppose 4*o = g - 5*g + 64, 2*g = -o + 33. Calculate the greatest common factor of 85 and g.
17
Suppose 0 = 3*v - 4 - 2. Suppose n - 11 = 7. Calculate the greatest common divisor of n and v.
2
Suppose 3*b = -2*d + 23, -4*b + 70 = 5*d + b. Calculate the highest common divisor of 19 and d.
19
Let y = -17 + 23. What is the highest common factor of 60 and y?
6
Let y(j) = 5*j**2 - 2*j + 1. Let p be (-4)/(12/15) - -2. Let f = -6 - p. Let a be y(f). Calculate the highest common divisor of a and 13.
13
Let f be 3 + (3/(-9) - (-166)/3). What is the greatest common factor of f and 145?
29
Suppose 2 - 6 = 2*f. Let j = f + 8. Let r be (-2)/6 - 111/(-9). Calculate the greatest common factor of j and r.
6
Let d(v) = -v + 2. Let n be d(0). Suppose 0 = n*l - 3 - 5. Let a be 3/(-2)*64/(-3). What is the greatest common factor of l and a?
4
Let y(q) = 5*q - 4*q + 3*q**2 + 3*q. Let k be y(-3). What is the highest common divisor of 75 and k?
15
Suppose -2*l = 5*z - 49, -4*z - 132 = -5*l - 7*z. What is the highest common divisor of 9 and l?
9
Let h = -35 + 51. Let f = h + -7. What is the greatest common factor of 45 and f?
9
Let x(y) = 2*y. Let b be x(4). Suppose 0 = -0*s + 3*s + 2*l - 24, 0 = s + 2*l - b. Let f be -6*1*13/(-39). Calculate the greatest common factor of f and s.
2
Let m = 5 + -1. Suppose -m*t + 225 = t. What is the greatest common factor of t and 9?
9
Suppose -t + 4 + 14 = 0. Suppose -2*h + 0*h + t = 0. Let c(b) = -b**2 + 9*b + 7. Let o be c(h). Calculate the highest common factor of o and 21.
7
Let a(z) = 3*z**3 - 3*z**2 + 3*z - 3. Let w be a(2). Let f be (1 - (-8)/6)/(1/(-3)). Let o = f + w. Calculate the highest common divisor of o and 12.
4
Let u be 2/((-1 + 3)/2). Let b(t) = -3*t - t**2 + 1 - 1 + 6 - 1. Let h be b(-4). Calculate the highest common factor of h and u.
1
Let s(t) = -t**3 + 4*t**2 + 2. Let h be s(3). Calculate the greatest common divisor of h and 33.
11
Let d(q) = 25*q + 3. Let o be d(8). What is the highest common factor of o and 29?
29
Suppose -4*y + 8*y - 16 = 0. Calculate the highest common divisor of y and 2.
2
Let c = 21 - 17. Calculate the highest common divisor of c and 4.
4
Suppose 0 = -4*o + o - 4*s - 10, 0 = 4*o - 3*s + 55. Let j be 56/(-10)*o/4. What is the greatest common divisor of j and 7?
7
Suppose -14 = 34*m - 36*m. Calculate the highest common factor of 1 and m.
1
Let q = 49 - 13. Suppose f + q = 5*f. What is the greatest common divisor of f and 81?
9
Let u(r) = -r**3 - 4*r**2 - 7. Let y be u(-5). Let v(z) = z**3 + 5*z**2 - z - 4. Let h be v(-5). Let m = 1 + h. What is the greatest common divisor of y and m?
2
Suppose 34 - 7 = 3*p. Let t be (26 - 2)*24/p. Suppose 5*v - v = t. Calculate the greatest common divisor of v and 8.
8
Let s = 154 + 169. What is the highest common divisor of 19 and s?
19
Suppose -3*v + 10 = -8. Let h(x) = 5*x**2 - 4*x + 3. Let a be h(v). Let f be 2 - (0 + -1 - a). Calculate the greatest common factor of 18 and f.
18
Suppose 0 = 4*f + f. Let l be (166 - (3 + f)) + -3. Calculate the highest common divisor of 16 and l.
16
Let u = 3 + -4